0. Suppose -n + t = 21. Let v be 0 - (-3 - -2) - n. Calculate the greatest common factor of v and 64.
16
Let q(o) = o**2 - 8*o + 3. Let g be q(-3). What is the greatest common divisor of 144 and g?
36
Suppose -3*o = 13 - 82. Suppose -c - 2*k = -18, -1 = -c - 4*k + o. Let p be -5 - 159*3/(-9). Calculate the highest common factor of p and c.
12
Let b = 22 - 12. Suppose 0 = 2*h - 1 - 3. Suppose -t = -h*t + 25. Calculate the greatest common divisor of t and b.
5
Suppose q - 9 - 4 = 0. Let y(n) = 10*n - 1. Suppose -8*w + 16 = -4*w. Let x be y(w). Calculate the highest common factor of q and x.
13
Let b be (4 - -4)/(-4) + 5. Calculate the greatest common divisor of 27 and b.
3
Suppose 50 = 4*p - 42. Calculate the greatest common factor of p and 46.
23
Let f be 10/40 + 2/(-8). Let h(z) = -z**3 - z**2 + z + 2. Let a be h(f). What is the greatest common divisor of a and 6?
2
Suppose -l + 6 = -5. Suppose 0 = 4*x + 3 + 9, 5*x - 9 = -4*z. Suppose 4*u + y - 443 = 0, z*y - y + 95 = u. What is the highest common factor of u and l?
11
Let s be 3/((-6)/8)*-6. Suppose -t = -2*q - 3, 2*q = -3*t + 31 - 6. Let x be (-2)/t - (-3376)/56. What is the greatest common factor of x and s?
12
Suppose 2*u = -3*o + 442, -265 = 5*o - 5*u - 960. Calculate the greatest common factor of 96 and o.
48
Suppose -4 = y - 3*y. Let x(o) = o**3 + 6*o**2 + 3*o + 3. Let h be x(-5). Let j be (y - 1)*1*h. Calculate the highest common divisor of j and 39.
13
Let n(g) = -9*g + 3. Let j be 3/(-6)*2*-5. Suppose -3*a + 6 = -j*a. Let r be n(a). Calculate the highest common factor of 6 and r.
6
Suppose 3*g = -0*c + 2*c + 36, 3*g = -c + 27. Calculate the highest common divisor of 15 and g.
5
Let h be 96/((-3)/(-4)*1). What is the highest common divisor of 32 and h?
32
Let x be (-6)/(-10) + (-333)/(-45). Let w be -8*(2 + 3*-2). Calculate the greatest common divisor of x and w.
8
Suppose -4*n = -2*n - 6. Calculate the greatest common divisor of n and 15.
3
Let h(f) = f**3 + 3*f**2 - f + 5. Let q be h(-3). What is the greatest common factor of 8 and q?
8
Let a = 4 - 1. Suppose -11 = -4*q - a. What is the highest common factor of q and 22?
2
Let k be (-112)/(-6) + (-2)/(-6). Suppose k - 99 = -c. Calculate the greatest common divisor of 32 and c.
16
Let z(g) = -g**3 + 5*g**2 + 3*g - 6. Let m be z(4). Let b(c) = c**3 - 12*c**2 - 12*c - 2. Let u be b(13). What is the highest common divisor of u and m?
11
Suppose 27*r - 153 = 24*r. Calculate the greatest common factor of r and 204.
51
Let h = -25 - -70. Let v(c) = c**3 + 5*c**2 - 6*c - 5. Let s be v(-5). Suppose -r = g - 14 - 0, 5*g = 4*r + s. Calculate the highest common factor of h and g.
9
Let d = 12 - 4. Let t = 24 + -16. What is the highest common factor of d and t?
8
Let o = -17 + 27. Let f be 10*((-10)/4)/(-5). What is the greatest common divisor of o and f?
5
Let c = 4 + 10. What is the greatest common divisor of 126 and c?
14
Suppose -2*o - 132 = -2*k, k - 2*o - 57 = 10. Suppose k + 363 = 4*f. Let j be f + (-5)/((-5)/(-3)). Calculate the greatest common factor of 13 and j.
13
Suppose -6*k + 25 = -k. Suppose k*m - 72 = m. What is the highest common divisor of 72 and m?
18
Let m be 4/18 + 260/45. Calculate the greatest common factor of m and 6.
6
Let o = 0 + -12. Let z = o - -44. Calculate the highest common factor of 48 and z.
16
Suppose -5*k + 30 + 100 = 0. Calculate the highest common factor of k and 130.
26
Let g(o) be the third derivative of o**5/15 - o**4/12 - o**3/3 + o**2. Let z be g(-3). What is the greatest common divisor of 5 and z?
5
Let t = 2 + -1. Let a = t - -17. Let d be (-5)/(-2 + 35/a). Calculate the highest common divisor of d and 10.
10
Let n = 19 + -10. What is the highest common divisor of n and 9?
9
Let x(g) be the first derivative of -1/2*g**2 - 1 + 0*g. Let r be x(-6). What is the greatest common divisor of r and 15?
3
Suppose 4*t + 3*m - 56 = 0, 2*t - m - 19 + 1 = 0. Suppose -y = 3*y - 12. Let z be 1/(y/99 - 0). Calculate the greatest common divisor of t and z.
11
Suppose 4*x = 4, 0*k + k = -2*x + 20. Suppose 0 = -3*p + p + 2, n + p - 13 = 0. What is the highest common factor of n and k?
6
Suppose -4*x + 4*r = r - 204, x - 50 = r. Calculate the highest common factor of 36 and x.
18
Let t be 0 + 3 - 1/1. Suppose -t*j = -6*j. Suppose -6 + j = -3*u. What is the greatest common factor of u and 22?
2
Let g = -15 - -29. Let h = -49 - -24. Let z be ((-224)/10)/(5/h). What is the highest common factor of g and z?
14
Let j(r) = r**2 + r + 44. Let x be j(0). Calculate the highest common divisor of x and 22.
22
Suppose 95 = 4*f - 137. What is the greatest common divisor of 145 and f?
29
Suppose -h + 10 = 4*h + 4*u, 0 = -3*h + u + 6. Suppose 5*c + 2 = 4*p - 3, h*p - 7 = c. Calculate the greatest common factor of 40 and p.
5
Let l = 43 + -26. Let h(y) = 9*y**3 + 1 + 13*y**3 - y - y**2 - 4*y**3. Let a be h(1). Calculate the highest common divisor of l and a.
17
Let o = -6 - -4. Let w be 1 + (0 - o - 3). Suppose w = b, -b + 35 = i + 3*b. What is the greatest common divisor of i and 14?
7
Suppose -4*u - 2*u = -18. Calculate the highest common factor of u and 33.
3
Let z(x) = 12 - x**3 + 8 + 4 + 0. Let t be z(0). What is the highest common factor of 8 and t?
8
Suppose 55 = -4*l + 495. Calculate the greatest common factor of 44 and l.
22
Suppose 0*x = 2*v - 2*x + 20, 4*x + 50 = -5*v. Let u be (3 + 0)*v/(-3). What is the highest common factor of u and 110?
10
Let c(l) = 12 - 4 - l + 3 + 9. Let w be c(12). What is the greatest common divisor of 4 and w?
4
Let q(x) = -3*x - 9. Let t be q(-6). Let d(b) = -b**3 - 3*b**2 + 2*b + 5. Let n be d(-5). Calculate the highest common divisor of n and t.
9
Let n(p) = -p + 7. Let t be n(5). Let c(o) = 3*o**2 - 2*o - 3. Let x be c(4). Let i = x - t. What is the highest common factor of i and 14?
7
Let d = -12 + 23. Let k(m) = -6*m - 231. Let g be k(-44). Calculate the greatest common divisor of d and g.
11
Suppose -2*y + 5*y - 63 = 0. Suppose 3*g + 3*t = 66, -2*t + 40 = 2*g - 4*t. Calculate the greatest common factor of g and y.
21
Let x = 0 + 9. Let f = x - 6. Suppose -3*g + 206 + 28 = 5*k, -2*g = f*k - 141. Calculate the highest common divisor of k and 30.
15
Let h(y) = y**2 - 3*y + 2. Let s be h(11). Suppose -2*z + s = z. Suppose 3*v = 3*c - z, 4*c = -c + v + 34. What is the greatest common factor of c and 42?
6
Suppose 0 = -4*h + 15 + 33. Let r = -18 - h. Let w = r + 43. Calculate the greatest common factor of 104 and w.
13
Suppose k + 33 = 4*k - 5*g, 0 = -2*k - 3*g + 22. What is the greatest common divisor of 11 and k?
11
Suppose y - 206 + 71 = 0. Let g = 6 - 4. Suppose 0*q - g*q = -30. Calculate the greatest common divisor of y and q.
15
Let g be 32/(-12)*66/(-8). Calculate the greatest common divisor of 55 and g.
11
Suppose 6*q = 2*q + 576. Suppose -2*x + 72 = 2*x. What is the greatest common divisor of q and x?
18
Let p(m) be the first derivative of 97*m**2/2 + 2*m + 1. Let f be p(2). Suppose 3*y - y = f. Calculate the greatest common divisor of y and 14.
14
Suppose v + 5*a = -v + 31, v - 23 = -a. Calculate the greatest common factor of 28 and v.
28
Let a(h) = 2*h**2 - 7*h - 2. Let x be a(5). Let p = -197 - -288. What is the highest common divisor of p and x?
13
Suppose 0 = 5*t - 3*x - 190, 4*t + 3*x + 0*x - 152 = 0. Calculate the greatest common factor of t and 57.
19
Suppose 0*f - f - 48 = -4*j, 0 = 3*j + 4*f - 36. What is the highest common divisor of j and 12?
12
Suppose 28 = 2*z + 2*h, 2*h - 10 = -14. What is the greatest common factor of 2 and z?
2
Let c(o) = -o**3 - 28*o**2 - 26*o + 35. Let x be c(-27). Calculate the greatest common divisor of x and 1.
1
Let o(b) = 9*b**2 - b + 1. Let s be o(1). Let r = s - -6. Let v = r + -2. Calculate the greatest common factor of 52 and v.
13
Let w be (-14)/(-4) - (-6)/4. Suppose -668 = -w*a - 108. Calculate the highest common divisor of a and 14.
14
Suppose 164 + 4 = 3*f. Suppose -9 - 3 = 4*h, -h - 23 = -2*w. Let b be ((-14)/5)/((-2)/w). What is the highest common factor of b and f?
14
Let l(f) = 3*f**2 - 1. Let h be l(-1). Let g = h - -4. What is the highest common factor of 6 and g?
6
Let k(c) = -c + 10. Let s be k(8). Suppose 2*l + 3*h - 4 = 0, -2*l + 2*h - s = -3*l. Let q be l/(-3)*(-216)/8. What is the highest common divisor of 18 and q?
18
Let 